{"id":13600,"date":"2022-03-30T11:25:23","date_gmt":"2022-03-30T15:25:23","guid":{"rendered":"https:\/\/storytelling.concordia.ca\/event\/autoriser-lecriture\/"},"modified":"2022-03-30T13:20:30","modified_gmt":"2022-03-30T17:20:30","slug":"autoriser-lecriture","status":"publish","type":"tribe_events","link":"https:\/\/storytelling.concordia.ca\/fr\/event\/autoriser-lecriture\/","title":{"rendered":"Autoriser l&rsquo;\u00e9criture"},"content":{"rendered":"\n<div class=\"wp-block-columns is-layout-flex wp-container-core-columns-is-layout-9d6595d7 wp-block-columns-is-layout-flex\">\n<div class=\"wp-block-column is-layout-flow wp-block-column-is-layout-flow\" style=\"flex-basis:66.66%\">\n<p><strong>[Cet \u00e9v\u00e8nement fait partie d&rsquo;une s\u00e9rie de deux ateliers. En vous inscrivant, vous vous engagez \u00e0 participer aux deux ateliers qui auront lieu le 6 et 7 juin de 17h00 \u00e0 19h00, 2022]<\/strong><\/p>\n<h3 class=\"cxmmr5t8 oygrvhab hcukyx3x c1et5uql o9v6fnle\"><strong>DESCRIPTION<\/strong><\/h3>\n<p class=\"cxmmr5t8 oygrvhab hcukyx3x c1et5uql o9v6fnle\">Dans une s\u00e9rie de deux ateliers, nous voulons tracer les contours de ce que permet l\u2019\u00e9criture quand elle s\u2019adosse \u00e0 la m\u00e9moire puissante et faillible des r\u00e9cits d\u2019autrui. En collaboration avec les artistes- chercheureuses, nous voulons explorer les difficiles enjeux de la cr\u00e9ation litt\u00e9raire quand elle se propose comme strat\u00e9gie pour reconstituer les liens, la sc\u00e8ne du crime; pour proposer un parcours m\u00e9moriel, pour repriser les maillages d\u2019un r\u00e9cit endommag\u00e9 par les traumatismes pass\u00e9s et pr\u00e9sents.<\/p>\n<p class=\"cxmmr5t8 oygrvhab hcukyx3x c1et5uql o9v6fnle\">\u00c0 ces fins, nous proposerons des r\u00e9flexions en recherche-cr\u00e9ation s\u2019appuyant sur les m\u00e9thodes de l\u2019histoire orale ainsi que sur des enjeux plus sp\u00e9cifiques concernant l\u2019\u00e9criture, les positionnements de l\u2019\u00e9crivaine, les subjectivit\u00e9s multiples, les appartenances et marginalit\u00e9s ainsi que les risques encourus par un tel travail.<\/p>\n<p class=\"cxmmr5t8 oygrvhab hcukyx3x c1et5uql o9v6fnle\">Enfin, nous nous appuierons sur les potentialit\u00e9s et ressources de la po\u00e9sie.<\/p>\n<h3 class=\"cxmmr5t8 oygrvhab hcukyx3x c1et5uql o9v6fnle\"><strong>\u00c0 PROPOS DES PR\u00c9SENTATRICES<\/strong><\/h3>\n<p class=\"cxmmr5t8 oygrvhab hcukyx3x c1et5uql o9v6fnle\"><a href=\"https:\/\/storytelling.concordia.ca\/stephane-martelly\/\">St\u00e9phane Martelly<\/a> est n\u00e9e \u00e0 Port-au-Prince. \u00c9crivaine, peintre et chercheure, elle poursuit une d\u00e9marche r\u00e9flexive sur la litt\u00e9rature ha\u00eftienne contemporaine, sur la cr\u00e9ation, sur les marginalit\u00e9s litt\u00e9raires ainsi que sur les limites de l\u2019interpr\u00e9tation. Elle est l\u2019autrice d\u2019un essai en recherche-cr\u00e9ation, Les jeux du dissemblable. Folie, marge et f\u00e9minin en litt\u00e9rature ha\u00eftienne contemporaine (Nota bene, 2016). Ses plus r\u00e9centes publications comprennent le recueil de po\u00e9sie Inventaires et le livre-po\u00e8me illustr\u00e9 L\u2019enfant-Gazelle (Remue-m\u00e9nage, 2018). Elle a fond\u00e9 la collection MARTIALES aux \u00c9ditions du Remue-M\u00e9nage en 2020, consacr\u00e9e \u00e0 l\u2019\u00e9criture des femmes noires. St\u00e9phane Martelly est professeure en recherche-cr\u00e9ation et en litt\u00e9ratures de la Cara\u00efbe au D\u00e9partement des arts, langues et litt\u00e9ratures de l\u2019Universit\u00e9 de Sherbrooke. Elle assume depuis 2021 la co-direction du groupe de recherche VersUS, laboratoire transculturel.<\/p>\n<p class=\"cxmmr5t8 oygrvhab hcukyx3x c1et5uql o9v6fnle\">Autrice, \u00e9ditrice et traductrice, <a href=\"http:\/\/www.edhexagone.com\/chloe-savoie-bernard\/auteur\/savo1008\">Chlo\u00e9 Savoie-Bernard<\/a> a, entre autres, publi\u00e9 Des femmes savantes (Triptyque, 2016), Sainte Chlo\u00e9 de l\u2019amour (Hexagone, 2021) et dirig\u00e9 le collectif Corps (Triptyque, 2018). \u00c0 compter de l\u2019automne 2022, elle occupera un poste de professeure de litt\u00e9rature \u00e0 l\u2019Universit\u00e9 Queen\u2019s.<\/p>\n<\/div>\n\n\n\n<div class=\"wp-block-column is-layout-flow wp-block-column-is-layout-flow\" style=\"flex-basis:33.33%\">\n\n\n\n\n<h3><strong>D\u00c9TAILS<\/strong><\/h3>\n<p>En fran\u00e7ais<\/p>\n<p>Avec <a href=\"https:\/\/storytelling.concordia.ca\/stephane-martelly\/\">Stephane Martelly<\/a> et <a href=\"http:\/\/www.edhexagone.com\/chloe-savoie-bernard\/auteur\/savo1008\">Chlo\u00e9 Savoie-Bernard<\/a><\/p>\n<p>En personne<\/p>\n<h3 class=\"cxmmr5t8 oygrvhab hcukyx3x c1et5uql o9v6fnle\" style=\"text-align: left;\"><strong>INSCRIPTION<\/strong><\/h3>\n<p class=\"cxmmr5t8 oygrvhab hcukyx3x c1et5uql o9v6fnle\">Veuillez nous \u00e9crire \u00e0 l&rsquo;adresse <a href=\"mailto:cohds.chorn@concordia.ca\">cohds.chorn@concordia.ca<\/a> pour vous inscrire. Votre inscription s&rsquo;applique pour les deux ateliers.<\/p>\n<p class=\"cxmmr5t8 oygrvhab hcukyx3x c1et5uql o9v6fnle\">Les participant\u00b7e\u00b7s devraient avoir une id\u00e9e du sujet sur lequel elles\u00b7ils veulent \u00e9crire.<\/p>\n<p class=\"cxmmr5t8 oygrvhab hcukyx3x c1et5uql o9v6fnle\">Tous nos \u00e9v\u00e9nements sont gratuits et ouverts au public, mais l\u2019inscription est obligatoire.<\/p>\n<h3 class=\"cxmmr5t8 oygrvhab hcukyx3x c1et5uql o9v6fnle\" style=\"text-align: left;\"><strong>LIEU<\/strong><\/h3>\n<p>Concordia University<br><a href=\"https:\/\/storytelling.concordia.ca\/resources\/facilities\/\">Library Building, 10th Floor, Room LB-1019 (COHDS Sunroom)<\/a><br>1400 de Maisonneuve Blvd W.<br>Montreal, QC, Canada<\/p>\n<h3 class=\"cxmmr5t8 oygrvhab hcukyx3x c1et5uql o9v6fnle\" style=\"text-align: left;\"><strong>PLUS D&rsquo;INFORMATIONS<\/strong><\/h3>\n<p class=\"cxmmr5t8 oygrvhab hcukyx3x c1et5uql o9v6fnle\" style=\"text-align: left;\">Si vous avez des questions, vous pouvez nous \u00e9crire \u00e0 l&rsquo;adresse&nbsp;<a href=\"mailto:cohds.chorn@concordia.ca\" target=\"_blank\" rel=\"noopener\">cohds.chorn@concordia.ca<\/a>.<\/p>\n<p><\/p>\n<\/div>\n<\/div>\n","protected":false},"excerpt":{"rendered":"<p>En fran\u00e7ais<br \/>\nAtelier en deux parties, 6 et 7 juin, 2022<br \/>\n(Avec Stephane Martelly et Chlo\u00e9 Savoie-Bernard)<\/p>\n","protected":false},"author":2,"featured_media":13598,"template":"","meta":{"_tribe_events_status":"","_tribe_events_status_reason":"","footnotes":""},"tags":[],"tribe_events_cat":[81],"class_list":["post-13600","tribe_events","type-tribe_events","status-publish","has-post-thumbnail","hentry","tribe_events_cat-presentations-fr","cat_presentations-fr"],"_links":{"self":[{"href":"https:\/\/storytelling.concordia.ca\/fr\/wp-json\/wp\/v2\/tribe_events\/13600","targetHints":{"allow":["GET"]}}],"collection":[{"href":"https:\/\/storytelling.concordia.ca\/fr\/wp-json\/wp\/v2\/tribe_events"}],"about":[{"href":"https:\/\/storytelling.concordia.ca\/fr\/wp-json\/wp\/v2\/types\/tribe_events"}],"author":[{"embeddable":true,"href":"https:\/\/storytelling.concordia.ca\/fr\/wp-json\/wp\/v2\/users\/2"}],"version-history":[{"count":6,"href":"https:\/\/storytelling.concordia.ca\/fr\/wp-json\/wp\/v2\/tribe_events\/13600\/revisions"}],"predecessor-version":[{"id":13629,"href":"https:\/\/storytelling.concordia.ca\/fr\/wp-json\/wp\/v2\/tribe_events\/13600\/revisions\/13629"}],"wp:featuredmedia":[{"embeddable":true,"href":"https:\/\/storytelling.concordia.ca\/fr\/wp-json\/wp\/v2\/media\/13598"}],"wp:attachment":[{"href":"https:\/\/storytelling.concordia.ca\/fr\/wp-json\/wp\/v2\/media?parent=13600"}],"wp:term":[{"taxonomy":"post_tag","embeddable":true,"href":"https:\/\/storytelling.concordia.ca\/fr\/wp-json\/wp\/v2\/tags?post=13600"},{"taxonomy":"tribe_events_cat","embeddable":true,"href":"https:\/\/storytelling.concordia.ca\/fr\/wp-json\/wp\/v2\/tribe_events_cat?post=13600"}],"curies":[{"name":"wp","href":"https:\/\/api.w.org\/{rel}","templated":true}]}}

Autoriser l&rsquo;écriture

<div class="wp-block-columns is-layout-flex wp-container-core-columns-is-layout-9d6595d7 wp-block-columns-is-layout-flex">
<div class="wp-block-column is-layout-flow wp-block-column-is-layout-flow" style="flex-basis:66.66%">
<p><strong>[Cet évènement fait partie d&rsquo;une série de deux ateliers. En vous inscrivant, vous vous engagez à participer aux deux ateliers qui auront lieu le 6 et 7 juin de 17h00 à 19h00, 2022]</strong></p>
<h3 class="cxmmr5t8 oygrvhab hcukyx3x c1et5uql o9v6fnle"><strong>DESCRIPTION</strong></h3>
<p class="cxmmr5t8 oygrvhab hcukyx3x c1et5uql o9v6fnle">Dans une série de deux ateliers, nous voulons tracer les contours de ce que permet l’écriture quand elle s’adosse à la mémoire puissante et faillible des récits d’autrui. En collaboration avec les artistes- chercheureuses, nous voulons explorer les difficiles enjeux de la création littéraire quand elle se propose comme stratégie pour reconstituer les liens, la scène du crime; pour proposer un parcours mémoriel, pour repriser les maillages d’un récit endommagé par les traumatismes passés et présents.</p>
<p class="cxmmr5t8 oygrvhab hcukyx3x c1et5uql o9v6fnle">À ces fins, nous proposerons des réflexions en recherche-création s’appuyant sur les méthodes de l’histoire orale ainsi que sur des enjeux plus spécifiques concernant l’écriture, les positionnements de l’écrivaine, les subjectivités multiples, les appartenances et marginalités ainsi que les risques encourus par un tel travail.</p>
<p class="cxmmr5t8 oygrvhab hcukyx3x c1et5uql o9v6fnle">Enfin, nous nous appuierons sur les potentialités et ressources de la poésie.</p>
<h3 class="cxmmr5t8 oygrvhab hcukyx3x c1et5uql o9v6fnle"><strong>À PROPOS DES PRÉSENTATRICES</strong></h3>
<p class="cxmmr5t8 oygrvhab hcukyx3x c1et5uql o9v6fnle"><a href="https://storytelling.concordia.ca/stephane-martelly/">Stéphane Martelly</a> est née à Port-au-Prince. Écrivaine, peintre et chercheure, elle poursuit une démarche réflexive sur la littérature haïtienne contemporaine, sur la création, sur les marginalités littéraires ainsi que sur les limites de l’interprétation. Elle est l’autrice d’un essai en recherche-création, Les jeux du dissemblable. Folie, marge et féminin en littérature haïtienne contemporaine (Nota bene, 2016). Ses plus récentes publications comprennent le recueil de poésie Inventaires et le livre-poème illustré L’enfant-Gazelle (Remue-ménage, 2018). Elle a fondé la collection MARTIALES aux Éditions du Remue-Ménage en 2020, consacrée à l’écriture des femmes noires. Stéphane Martelly est professeure en recherche-création et en littératures de la Caraïbe au Département des arts, langues et littératures de l’Université de Sherbrooke. Elle assume depuis 2021 la co-direction du groupe de recherche VersUS, laboratoire transculturel.</p>
<p class="cxmmr5t8 oygrvhab hcukyx3x c1et5uql o9v6fnle">Autrice, éditrice et traductrice, <a href="http://www.edhexagone.com/chloe-savoie-bernard/auteur/savo1008">Chloé Savoie-Bernard</a> a, entre autres, publié Des femmes savantes (Triptyque, 2016), Sainte Chloé de l’amour (Hexagone, 2021) et dirigé le collectif Corps (Triptyque, 2018). À compter de l’automne 2022, elle occupera un poste de professeure de littérature à l’Université Queen’s.</p>
</div>



<div class="wp-block-column is-layout-flow wp-block-column-is-layout-flow" style="flex-basis:33.33%">




<h3><strong>DÉTAILS</strong></h3>
<p>En français</p>
<p>Avec <a href="https://storytelling.concordia.ca/stephane-martelly/">Stephane Martelly</a> et <a href="http://www.edhexagone.com/chloe-savoie-bernard/auteur/savo1008">Chloé Savoie-Bernard</a></p>
<p>En personne</p>
<h3 class="cxmmr5t8 oygrvhab hcukyx3x c1et5uql o9v6fnle" style="text-align: left;"><strong>INSCRIPTION</strong></h3>
<p class="cxmmr5t8 oygrvhab hcukyx3x c1et5uql o9v6fnle">Veuillez nous écrire à l&rsquo;adresse <a href="mailto:cohds.chorn@concordia.ca">cohds.chorn@concordia.ca</a> pour vous inscrire. Votre inscription s&rsquo;applique pour les deux ateliers.</p>
<p class="cxmmr5t8 oygrvhab hcukyx3x c1et5uql o9v6fnle">Les participant·e·s devraient avoir une idée du sujet sur lequel elles·ils veulent écrire.</p>
<p class="cxmmr5t8 oygrvhab hcukyx3x c1et5uql o9v6fnle">Tous nos événements sont gratuits et ouverts au public, mais l’inscription est obligatoire.</p>
<h3 class="cxmmr5t8 oygrvhab hcukyx3x c1et5uql o9v6fnle" style="text-align: left;"><strong>LIEU</strong></h3>
<p>Concordia University<br><a href="https://storytelling.concordia.ca/resources/facilities/">Library Building, 10th Floor, Room LB-1019 (COHDS Sunroom)</a><br>1400 de Maisonneuve Blvd W.<br>Montreal, QC, Canada</p>
<h3 class="cxmmr5t8 oygrvhab hcukyx3x c1et5uql o9v6fnle" style="text-align: left;"><strong>PLUS D&rsquo;INFORMATIONS</strong></h3>
<p class="cxmmr5t8 oygrvhab hcukyx3x c1et5uql o9v6fnle" style="text-align: left;">Si vous avez des questions, vous pouvez nous écrire à l&rsquo;adresse&nbsp;<a href="mailto:cohds.chorn@concordia.ca" target="_blank" rel="noopener">cohds.chorn@concordia.ca</a>.</p>
<p></p>
</div>
</div>

<p>En français<br />
Atelier en deux parties, 6 et 7 juin, 2022<br />
(Avec Stephane Martelly et Chloé Savoie-Bernard)</p>
